s -6ba18 (base 14) in base 4?
-1000020012
6de3a (base 15) to base 3
122211020201
Convert e3a89d (base 15) to base 16.
a51507
What is -1423040141 (base 5) in base 2?
-1110001100100001010000
What is -314224 (base 9) in base 4?
-231212320
-1514235 (base 10) to base 3
-2211221010210
-130790 (base 10) to base 12
-63832
Convert -23932b (base 15) to base 8.
-6373524
Convert -191224 (base 11) to base 14.
-7941d
What is 36021 (base 10) in base 8?
106265
What is 30001202023 (base 4) in base 14?
5c0999
-2363381 (base 10) to base 11
-1374709
Convert 512175 (base 11) to base 8.
3106751
What is -4300357 (base 9) in base 2?
-1000110010010011100110
Convert -2a464a (base 11) to base 9.
-803041
1010110110011110010110 (base 2) to base 15
3b2c7b
-2318646 (base 9) to base 12
-505106
Convert -447700 (base 8) to base 11.
-a38a7
1127430 (base 8) to base 4
1022330120
Convert -13151040 (base 7) to base 13.
-332a21
What is -23c (base 13) in base 5?
-3024
Convert -1124310331 (base 5) to base 14.
-4ad767
What is -2c0de2 (base 15) in base 7?
-24046061
-21011211201111 (base 3) to base 9
-7154644
What is -94508 (base 12) in base 13?
-6a565
-945563 (base 10) to base 3
-1210001001212
Convert -b21e8 (base 15) to base 14.
-1097c8
Convert -13989 (base 15) to base 6.
-1203120
116150 (base 7) to base 16
5366
What is 211200220002 (base 3) in base 15?
8c5b8
-2330043 (base 6) to base 15
-25ac0
-240521523 (base 6) to base 13
-c23985
Convert 121534 (base 10) to base 5.
12342114
-9ba6 (base 12) to base 11
-11a73
Convert -84253 (base 16) to base 15.
-aa597
What is -1fba59 (base 16) in base 3?
-10220122021220
What is 100110110001001101000 (base 2) in base 5?
311123001
Convert -5ddcd0 (base 16) to base 2.
-10111011101110011010000
Convert 117889 (base 14) to base 9.
1110105
What is 11011221202 (base 3) in base 11?
56958
1442310010 (base 5) to base 7
44613664
What is -33030203223 (base 4) in base 2?
-1111001100100011101011
What is 7126575 (base 10) in base 11?
4028335
What is 441411 (base 5) in base 13?
6c18
What is -4244736 (base 10) in base 6?
-230551320
Convert 10124201432 (base 5) to base 6.
1010302244
Convert -22111202221010 (base 3) to base 2.
-10001010000001010101001
-9495 (base 16) to base 15
-b40c
8828 (base 10) to base 9
13088
What is 20250250 (base 6) in base 3?
1002120100210
-56d4c (base 14) to base 7
-1536425
Convert 1165179 (base 14) to base 3.
120122021202101
Convert -11002 (base 11) to base 3.
-210220122
What is -111121010 (base 3) in base 4?
-2122320
10c924 (base 13) to base 6
12320104
What is -1fbd2f (base 16) in base 6?
-112325503
ac91c8 (base 13) to base 8
17430370
Convert -664 (base 13) to base 10.
-1096
-10241520 (base 6) to base 15
-5e320
Convert -7cc2b3 (base 14) to base 10.
-4259237
What is 34112212 (base 5) in base 2?
1001001011110000100
Convert 13c84 (base 13) to base 2.
1001000110101000
Convert -1110101010000100000 (base 2) to base 3.
-220101211110
-443240204 (base 5) to base 16
-1d75b7
Convert -11011111000111100010 (base 2) to base 4.
-3133013202
862599 (base 10) to base 8
3224607
100111100110100011100 (base 2) to base 7
14013234
22467764 (base 8) to base 9
10154720
10000001101100111101 (base 2) to base 10
531261
4f2ae (base 16) to base 15
66130
Convert -763873 (base 9) to base 6.
-13433150
What is -23410101 (base 5) in base 8?
-646324
Convert 84611 (base 10) to base 3.
11022001202
Convert 165236141 (base 7) to base 15.
ede2c2
What is 104141203 (base 5) in base 2?
1110000000010110000
What is -31ccc9 (base 16) in base 5?
-1313414224
What is 21001022 (base 3) in base 15?
17c8
6064227 (base 9) to base 10
3231115
38b07a (base 16) to base 12
12b1bb6
What is -5440472 (base 9) in base 2?
-1011001000111001100010
30ad (base 16) to base 8
30255
Convert 303011350 (base 6) to base 16.
4f0c32
42d922 (base 14) to base 12
913136
666696 (base 12) to base 7
16562361
323124222 (base 5) to base 15
1c3d0c
Convert -34869a (base 12) to base 13.
-237370
-1a51cb (base 13) to base 12
-282854
What is 5bd146 (base 14) in base 10?
3147626
Convert -10584702 (base 10) to base 8.
-50301176
Convert -64df8 (base 16) to base 10.
-413176
What is -866646 (base 15) in base 6?
-345103320
Convert -1f690 (base 16) to base 5.
-13104111
What is -101012110210 (base 3) in base 7?
-1464324
-102241010 (base 5) to base 9
-725786
What is -3434a9 (base 11) in base 2?
-10000101011000001001
What is 3021353 (base 11) in base 9?
11046845
What is 100012405 (base 6) in base 4?
12122201111
What is 210020110 (base 4) in base 2?
100100001000010100
What is -100111311112 (base 4) in base 8?
-20256526
-30355 (base 16) to base 10
-197461
What is -14342002 (base 5) in base 3?
-21202112111
What is 20212000122 (base 3) in base 13?
49517
What is -449460 (base 12) in base 14?
-206c08
What is a9222 (base 16) in base 12?
294aaa
What is -2725ba2 (base 12) in base 9?
-15545365
Convert -10111101100111101000 (base 2) to base 5.
-144323210
Convert 62265 (base 14) to base 8.
715661
Convert -1d565e (base 16) to base 12.
-788792
Convert 200211114 (base 5) to base 12.
320224
57168 (base 16) to base 14
93dd6
Convert -5317105 (base 10) to base 14.
-9c5a13
Convert 24c7b (base 15) to base 10.
117566
Convert 1c1855 (base 14) to base 15.
14c3a3
Convert -233152 (base 7) to base 13.
-16117
329530 (base 15) to base 3
11112111011100
Convert -a3972 (base 12) to base 11.
-1367a9
-232467 (base 8) to base 10
-79159
What is -1122342414 (base 5) in base 9?
-4706003
What is 10d70 (base 14) in base 4?
22001212
What is -15580758 (base 9) in base 16?
-76d7ef
Convert 1bab617 (base 14) to base 2.
110100111000000100010101
-40874 (base 13) to base 7
-661202
Convert 22220211021201 (base 3) to base 2.
10010000101010001000110
68823 (base 14) to base 11
163962
31202316 (base 7) to base 2
1010000000010100010010
-1323020 (base 6) to base 8
-217024
What is -314524200 (base 6) in base 14?
-a45b28
What is 13e8a (base 16) in base 2?
10011111010001010
What is -1013341312 (base 5) in base 13?
-582512
What is -5351221 (base 6) in base 8?
-1002335
What is -275012 (base 8) in base 16?
-17a0a
50321005 (base 6) to base 3
2200102212012
Convert -35777 (base 10) to base 3.
-1211002002
Convert 66825 (base 10) to base 11.
46230
What is 2110323040 (base 5) in base 4?
100232303210
-eb49c (base 15) to base 16
-b65aa
Convert 70b805 (base 13) to base 4.
22000300333
What is 110010010101011001110 (base 2) in base 16?
192ace
Convert -220233321 (base 4) to base 15.
-346c0
Convert 223225300 (base 6) to base 9.
7605460
What is 1a5178 (base 13) in base 5?
132340111
Convert -698301 (base 12) to base 7.
-20253256
What is 3101402 (base 8) in base 13?
2292b8
What is -20010341 (base 5) in base 2?
-100110010100101011
363254 (base 8) to base 15
26dad
-a37ae (base 15) to base 11
-3242a3
13c6a67 (base 13) to base 10
6298377
Convert 2a580 (base 12) to base 2.
1110100010110000
Convert 36130 (base 10) to base 14.
d24a
40326556 (base 7) to base 15
463194
Convert b4923 (base 12) to base 5.
30030311
Convert 103330122 (base 4) to base 12.
3b336
131140441 (base 7) to base 4
133331311003
Convert -1244343 (base 7) to base 4.
-213221301
What is 10011000000000101 (base 2) in base 12?
39059
What is -31c00 (base 13) in base 12?
-44044
What is -1001011101100111011 (base 2) in base 7?
-2431003
Convert 1010110010110101 (base 2) to base 11.
30244
Convert -2272590 (base 13) to base 3.
-201221121111200
Convert -1310302001 (base 4) to base 7.
-4031366
-5ab24 (base 13) to base 8
-505410
-1000011101111001 (base 2) to base 9
-52514
22111013 (base 4) to base 9
64032
314954 (base 10) to base 5
40034304
Convert -593761 (base 11) to base 8.
-3457553
Convert -1292a (base 16) to base 3.
-10212100120
What is 4067542 (base 8) in base 3?
2000201111020
Convert 8aea7 (base 15) to base 3.
211110101111
-6772442 (base 9) to base 7
-43010426
-6167ab (base 15) to base 16
-46a17d
What is -4a23e9 (base 15) in base 16?
-3630a2
19390b (base 14) to base 16
da287
What is -132527 (base 11) in base 13?
-73a4a
a8277 (base 11) to base 9
258801
What is -399607 (base 14) in base 5?
-1002010340
What is -334362 (base 8) in base 16?
-1b8f2
Convert -520421 (base 10) to base 14.
-d792d
Convert 5826c (base 13) to base 4.
213100221
What is -1c167 (base 15) in base 2?
-10110010100110111
What is 5015702 (base 10) in base 2?
10011001000100010010110
21212223212 (